 11?
11
Let f(y) = -2*y. Let t be f(4). Let g = t + 15. Calculate the highest common factor of g and 7.
7
Let n(w) = w**3 - 3*w**2 - 2*w - 5. Let i be n(4). Suppose 9*v - 4*v = -i*g + 28, -2*g + v - 3 = 0. Calculate the greatest common factor of g and 2.
1
Suppose -4*m + 110 + 30 = 0. What is the highest common factor of m and 5?
5
Suppose -p + 2 = 4. Let w = -2 - -1. Let v be (p/1 - -1)/w. What is the highest common divisor of v and 4?
1
Let n(c) = -7 + 6*c + 2 - c + 8*c**2 + 0. Let j be n(4). Calculate the highest common divisor of j and 13.
13
Let l(y) = y. Let s be l(4). Suppose 27 = s*i + 3. What is the greatest common factor of i and 54?
6
Suppose -147 = -w - 118. What is the greatest common factor of w and 203?
29
Suppose -3*i = q - 20, 4*q - 4*i - i - 29 = 0. Let v(d) = -d**2 + 7*d - 1. Let c be v(7). Let h = q - c. What is the greatest common factor of 4 and h?
4
Suppose 0 = -4*h + 4*d - 8, -4*d = -2*d - 6. Suppose t = 3 - h. Suppose 5*x + 13 = -t*z, -z + 0*x + 16 = -2*x. Calculate the highest common divisor of 1 and z.
1
Let d(t) = 21 + 0*t - t - 3. Suppose 3*j = -12, 7*k + 3*j + 12 = 3*k. Let c be d(k). What is the greatest common factor of c and 27?
9
Let g be 130/6 + 7/21. Let v be 2/3 + 33/(-9). Let k be (-33)/6*(v - -1). What is the greatest common factor of k and g?
11
Let d(x) be the first derivative of x**3 + x**2/2 - x - 2. Let m be d(1). Suppose m*c + c = 180. What is the greatest common divisor of 9 and c?
9
Let r = 9 + -5. Suppose 3*b + 2*x - 56 = 0, 59 = 3*b + x + r*x. Calculate the greatest common divisor of b and 27.
9
Let x be (-578)/(-8) - (-2)/(-8). Calculate the highest common factor of 9 and x.
9
Let w = -5 + 38. Suppose -w = 5*b - 133. What is the highest common divisor of 30 and b?
10
Suppose 2*w + n - 2 = -18, 4*w = 2*n - 24. Let o = -6 - w. Calculate the greatest common factor of o and 8.
1
Suppose -2*r - 3*p - 10 = -167, 5*p + 226 = 3*r. What is the greatest common factor of 7 and r?
7
Let q = 5 - 2. Let u be 101 - 2/3*q. What is the greatest common factor of u and 11?
11
Let s be -2 + (0 - (-1 - 1)). Suppose -5*u + 1 + 9 = 0. Suppose 0 = 3*a - s*a + 9, 0 = 5*b + u*a - 14. What is the highest common factor of b and 6?
2
Let v(q) = -q**3 + 5*q**2 - 3*q. Let i be v(4). Suppose 0 = 5*z + g - 510 + 126, 0 = -3*z + i*g + 235. What is the greatest common factor of 7 and z?
7
Let r be (0 + 3/(-4))*-32. Let o = 2 - -22. Suppose 6*a - 9*a = -o. Calculate the greatest common divisor of a and r.
8
Suppose -g = -2*j - 2*j - 126, 236 = 2*g - 4*j. What is the greatest common factor of g and 44?
22
Let u be 4/6*(-2 + -10). Let y(l) = -3 + 4*l**2 - 3*l**2 + 7*l + 1. Let b be y(u). Calculate the greatest common factor of b and 3.
3
Suppose 13 + 7 = 5*z. Let m = 25 + -44. Let u = -9 - m. What is the highest common divisor of u and z?
2
Suppose -r + 3*y - 19 = r, 3*r - 3*y = -24. Let f = r - -15. Suppose 2*v + 2 = s - 3, 7 = s - 3*v. What is the highest common factor of f and s?
1
Let m = -1 - -7. Let j be 179/6 + 1/m. Suppose -3*r + 13 + 17 = 0. What is the greatest common divisor of j and r?
10
Let z be (-12)/(8 - 4) + (0 - -33). Let t be (2/2)/(2/20). Calculate the highest common divisor of t and z.
10
Suppose -7*f + 9*f - 28 = 0. Let x = 213 + -115. Calculate the highest common factor of f and x.
14
Suppose -4*g - 3*m - 171 = 0, 3*m = -4*g + 5*m - 186. Let s = -15 - g. Suppose 2*f = -0*f + s. What is the highest common factor of 3 and f?
3
Suppose -5*w + 325 = 4*h, -w - 4*w = -h + 75. What is the greatest common factor of h and 10?
10
Let c be 5/25*(2 + 3). Suppose -g + 10 = -c. What is the greatest common factor of 121 and g?
11
Suppose 5 = 5*m - 25. Let l be ((-4)/m)/((-7)/168). Calculate the highest common factor of l and 176.
16
Suppose k = 74 - 54. Let f = 134 + -94. Calculate the greatest common divisor of k and f.
20
Suppose -a = -0*a - 360. Suppose -5*s = -0*s - a. Suppose -5*n - 5*b = -40, -b + 22 = 3*n + 4*b. Calculate the greatest common factor of n and s.
9
Suppose -5*i - 7 = q, -3*i = q + 2*q + 9. Let s(u) = -379*u. Let y be s(q). Let z be 6/15 - y/(-5). What is the greatest common divisor of z and 19?
19
Let q = -13 + 11. Let r be (39/(-6))/(q/4). Calculate the greatest common divisor of 104 and r.
13
Suppose 3*d - 4 = -1. What is the greatest common factor of 4 and d?
1
Suppose -3*c - 3*y + 153 = 0, 0 = -0*c - 5*c + 4*y + 282. What is the greatest common factor of c and 36?
18
Let i be (2/6)/(2/30). Let j = 1 + 2. Suppose -i*g + 165 = 4*m, j*g = -5*m + 3*m + 83. Calculate the highest common factor of m and 8.
8
Let z = 5 - -2. Let b = z + 12. Suppose 0*f + b = f. Calculate the greatest common divisor of 38 and f.
19
Let l(n) = -n - 4. Let u be l(-4). Suppose 4*c - 16 = -u*c. Calculate the highest common factor of 16 and c.
4
Let y(g) = -4*g + g**2 - 2 - 5*g**2 - 3 - g**3 - g. Let w be y(-4). What is the highest common factor of w and 135?
15
Let d(j) = -j + 13. Let c be -1*(3 + -3)*-1. Let f be d(c). Calculate the highest common divisor of 91 and f.
13
Let c(n) be the first derivative of -2/3*n**3 - 9*n**4 - n - n**2 - 1. Let v be c(-1). What is the highest common divisor of 5 and v?
5
Let o(j) = 0*j**2 - 10 - 8*j - 5 - j**2 + 2*j**2. Let d be o(11). Calculate the greatest common factor of d and 9.
9
Suppose -22*c + 17*c + 25 = 0. Calculate the highest common factor of 1 and c.
1
Let l(t) be the second derivative of t**5/20 + 2*t**4/3 + t**3 - 5*t**2/2 - 8*t. Let a be l(-5). Calculate the highest common divisor of a and 16.
8
Suppose -6*a + 7*a + 3*k - 102 = 0, 5*a - 493 = 2*k. What is the greatest common divisor of 9 and a?
9
Suppose -5*q - 10 = -7*q. Calculate the highest common divisor of 40 and q.
5
Let y be ((-5)/(-3))/((-1)/(-18)). What is the greatest common divisor of y and 240?
30
Let g be (-2)/(-9) + (-32)/(-18). Suppose -g = -a - 3. Let q be a*(-2 + 1 - 5). What is the greatest common factor of 24 and q?
6
Suppose 0 = -5*i + 2*z - 7*z + 10, 0 = 3*i + 2*z - 5. Calculate the greatest common factor of i and 31.
1
Let z = -36 - -38. What is the highest common factor of z and 1?
1
Let j be 6/4*(-616)/(-21). What is the highest common divisor of j and 22?
22
Let j be ((-40)/28)/((-1)/7). What is the greatest common divisor of 10 and j?
10
Let d = 12 + -2. Suppose 64 - 289 = -3*q. Let f be (-2)/(-4) + q/d. Calculate the highest common factor of f and 2.
2
Let k = 97 + 3. Let q = -66 + k. What is the greatest common factor of q and 51?
17
Let o = 1 + -11. Let h = 40 + o. What is the highest common divisor of h and 6?
6
Suppose 3*d - 3*b = 126, 4*b - 7*b = -5*d + 210. Suppose c + 2*c - 42 = 0. Calculate the greatest common divisor of c and d.
14
Suppose -5*l = -2*x - 131, 2*x = -l - 2*x + 35. Calculate the highest common divisor of 135 and l.
27
Suppose 2 + 3 = -5*c. Let t be (c/(-3))/(2/258). Suppose -3*b = -t + 7. What is the greatest common divisor of 132 and b?
12
Suppose 0 = -z + 38 + 88. What is the highest common divisor of z and 18?
18
Let p = -77 - -85. Calculate the highest common divisor of p and 56.
8
Let y(l) = -l**3 - 15*l + 17*l**2 + 0 + 0 - 3 - 3. Let g be y(16). What is the highest common divisor of 40 and g?
10
Suppose 257 = 5*y + 47. Calculate the greatest common factor of 105 and y.
21
Suppose 4*k - u + 75 = -6*u, 3*k + 2*u = -65. Let r = 5 - -41. Let v = k + r. Calculate the greatest common factor of 14 and v.
7
Suppose g + 54 = t + t, 0 = -t - 4*g + 36. Calculate the highest common factor of 42 and t.
14
Let b(y) = 8*y**2 - y**3 - 7*y + 4 + 2*y**3 - 2*y**3. Let v be b(7). Calculate the highest common factor of v and 32.
4
Let a = 237 + -61. Calculate the highest common divisor of a and 16.
16
Let y(b) be the second derivative of b**4/12 + 5*b**3/3 - b**2 + 3*b. Let s be y(-11). What is the highest common factor of s and 81?
9
Suppose -8 = -3*m + 4. Suppose m*s - 14 = 5*p + 17, 2*s - 8 = 4*p. Calculate the highest common divisor of s and 98.
14
Let y = -4 - -8. Suppose y*f + 0 = 16. Let x = f + 4. What is the greatest common factor of 72 and x?
8
Suppose 3*k - n + 0*n = 248, -5*k - n = -424. Let i(c) = 18*c. Let d be i(-3). Let o = k + d. Calculate the greatest common factor of 6 and o.
6
Let h(c) = -c**2 - 4*c - 2. Let v be h(-2). Suppose -322 = -3*g - 2*r, -g + 318 = v*g + 3*r. W